8*i + 26*i + 442 = 0. Let a(z) = 29 - 16*z + 8*z + 4*z. What is the tens digit of a(i)?
8
Suppose -2*n - 15 = -3*g, 4*n = 3*g + 2*g - 25. Suppose -6*i = -2*i - d - 3, -8 = -g*i - 3*d. What is the units digit of i + -93*(-2 + 1)?
4
What is the thousands digit of (19*20)/(228/4275)?
7
Let t(w) = 266*w**2 - w - 1. Let r be 28/(-8)*(-16)/56. What is the hundreds digit of t(r)?
2
Let c(f) = f**3 - 2*f**2 - f + 9. Let n be c(0). What is the tens digit of (-1 - -3) + 324 + -7 + n?
2
Let u(z) = -3*z - 15. Let f be u(-5). Let o be f - -2 - (16 + -1571). Suppose 117 - o = -8*m. What is the tens digit of m?
8
What is the tens digit of (16/((-336)/(-196047)) + 1)/((-4)/(-14))?
7
Let r = -986 + 1094. What is the units digit of r?
8
Let a be (-9)/(-3)*(-96)/(-9). Let w = -30 + a. Suppose m + 4*m - w*y - 450 = 0, 0 = -m - 5*y + 90. What is the tens digit of m?
9
Let z be ((-18)/(-3) + -4)/((-2)/(-100)). Let r = -97 + z. What is the tens digit of (2/6*-3)/(r/(-63))?
2
Suppose 0 = x + 1, 32 = 6*g - 9*g - 2*x. Let s(b) = 7*b**2 + 43*b + 86. What is the tens digit of s(g)?
5
Suppose 0 = 8*m - 11*m + 1524. Suppose 0 = 7*x + 102 - m. Suppose -224 = -2*p - x. What is the tens digit of p?
8
Suppose 2*n + 5*l - 15015 = 0, -3*n + 111*l - 116*l = -22525. What is the units digit of n?
0
Suppose a = -2*n + 3*a + 50040, -4*n - 4*a = -100056. What is the units digit of (n/(-124))/(6/(-16))?
8
Let y(q) = -76*q + 93. Let x(a) = 77*a - 95. Let f(u) = -5*x(u) - 6*y(u). What is the hundreds digit of f(8)?
4
Let x(u) = 10 + 77*u + 39 - 13 + 16. Let o be x(5). Suppose 0 = -12*k + 727 + o. What is the tens digit of k?
9
Suppose 0 = 4*m + 12, -77*m = -5*i - 79*m + 142529. What is the units digit of i?
7
Let g(u) = 5*u**2 - u - 1. Let k(v) = 21*v**2 - 32*v + 4. Let n(d) = 4*g(d) - k(d). Let x = 33 + -8. What is the tens digit of n(x)?
6
Suppose -2*y = c - 120, c - 5*c - 2*y + 450 = 0. Suppose -4851 = c*i - 121*i. What is the hundreds digit of i?
4
Suppose 285*p - 4109053 - 1023488 - 1863924 = 0. What is the units digit of p?
9
Suppose t + 1 = 6. Suppose 3*p - 8*p = -t*x + 5, 0 = -3*x - 5*p + 27. What is the units digit of 1 + 426/x + 3/(-2)?
6
Let h(q) = -3506*q - 33. Let t be h(-1). Suppose 441 - t = -4*x. What is the hundreds digit of x?
7
What is the tens digit of (2*14673/(-12))/(4/(-8))?
9
Let j(f) = -f**3 - 27*f**2 + 128*f + 65. What is the hundreds digit of j(-36)?
1
Suppose -204*j - 64416 = -265*j. What is the units digit of j?
6
Let f(w) = w**2 - 15*w + 82. Suppose -4*p - 5*v + 4*v - 61 = 0, -4*p = 2*v + 66. What is the hundreds digit of f(p)?
4
Suppose -2*n = -2*d + 8, -5*d + 9*n + 19 = 5*n. Suppose -4*o - 3*r = -2808, -5*o - d*r + 5063 = 1550. What is the hundreds digit of o?
7
Let u(s) = 1105*s**2 - 86*s + 285. What is the thousands digit of u(4)?
7
Suppose -39*s = -50*s + 19800. Let i = s - 661. What is the thousands digit of i?
1
Let p = 304 + -301. Let v(y) = 128*y + 101. What is the units digit of v(p)?
5
Let t(s) = -27 + 33 - 18 + 0*s - 3*s. Let k be t(-4). Suppose 5*j + 5*c - 550 = 0, -2*c + 7*c = k. What is the units digit of j?
0
Let z(c) = 41*c**2 - 29*c - 123. What is the thousands digit of z(19)?
4
Let b(f) = 2*f**2 + 27*f - 1. Let p = -530 + 541. What is the units digit of b(p)?
8
Suppose -5*q = -3*p - 33705, -p - 10947 = 4*q - 37894. What is the hundreds digit of q?
7
Suppose -6*x + 3*x + 60 = 0. Let n = 409 - x. What is the tens digit of n?
8
Let f(p) = -11*p**2 - 8*p + 163. Let o(d) = 5*d**2 + 3*d - 81. Let z(u) = 2*f(u) + 5*o(u). What is the hundreds digit of z(-11)?
2
Let w(y) = -16*y + 2*y + 23 - 15*y**2 + y**2 + y**3 - 2*y**3. Let t be w(-11). Let z = t - -264. What is the units digit of z?
8
Let o = -83800 - -123846. What is the ten thousands digit of o?
4
Let k = -157 + 121. Let v be 6/k - (-11)/(-6). What is the tens digit of (v/4)/((-1)/2)*123?
2
Let l(n) = 34*n**2 + 2*n + 167. What is the thousands digit of l(-20)?
3
Let v(m) = 7*m**2 - m. Suppose -7*h + 21 = -0*h. Let l be v(h). Let g = -7 + l. What is the tens digit of g?
5
Suppose -5*l = -t - 16 + 44, -10 = 3*l - 4*t. What is the units digit of 8876/21 + 4/l?
2
Let h(u) = -1905*u - 134. What is the units digit of h(-3)?
1
Suppose -6*j + 13*j - 6839 = 0. Let v = -584 + j. What is the units digit of v?
3
Let z be 4/(-26) + 12940*(-14)/(-455). Let v = z + 227. What is the tens digit of v?
2
Let q(j) = -6 - 9*j**2 - 6*j**2 - 3*j + 7*j**3 + 15 + 16*j**2. Let f be q(4). What is the units digit of -2 + f/3 - (-5)/15?
2
Suppose 0 = -11*i + 3*i + 480. Let y be (-456)/i - 4/10. Let f(n) = -11*n + 30. What is the units digit of f(y)?
8
Let y = -64 - -27. Let v = y - -41. Suppose 0*k + 4*f = k - 113, -v*k = f - 435. What is the hundreds digit of k?
1
Suppose 3*g - 5*k - 13 = 13, g - k - 6 = 0. Let z be ((-12)/(6/(-2)))/g. What is the units digit of (3 - z)/((-1)/(-7))?
7
Let j = 2842 + -1905. What is the units digit of j?
7
Let q = -49 + 19. Let v = -28 - q. What is the tens digit of (-50*1*-3)/v?
7
Let v(y) be the second derivative of -y**5/20 + 5*y**4/3 + y**3/6 + 5*y**2 + 153*y. What is the hundreds digit of v(6)?
5
Let z(h) = -4*h**3 - 51*h**2 - 25*h - 13. What is the units digit of z(-15)?
7
Suppose 0 = -4*l + 4*x - 248, -2*l - l + 2*x - 183 = 0. Let k be 14/(3 - (-175)/l). Suppose -5*d = 4*t - k, 538 = 5*t - d - 0*d. What is the units digit of t?
7
Suppose 3*o = 3*s - 24663, -361*o = -4*s - 365*o + 32836. What is the thousands digit of s?
8
Let x = 21 - 47. Let n = 25 + x. What is the units digit of -39*((-16)/12)/(n/(-2))?
4
Let l = -153 - -161. Suppose l*c - 3075 = -7*c. What is the units digit of c?
5
Suppose -4*c - 2*n + 70 = 0, 0 = 4*c + n - 45 - 26. Suppose h + 15*g - 10*g = -5, 4*g - 59 = -5*h. Suppose -h*v + c*v - 81 = 0. What is the units digit of v?
7
Suppose -4*l + 7*l + 6 = 0, 3*l + 718 = 2*u. Suppose -22*f + u = 3*z - 24*f, -5*z + 610 = 5*f. What is the units digit of z?
0
Let i be (10/(-20))/((-2)/(-192)). Let y = i - -50. What is the units digit of (1/(-2))/(4/(-1152)*y)?
2
Let b = 74 + -72. Suppose -5*n = -b*g - 250, 5*n - 79 = 3*n + 5*g. What is the units digit of (1495/n)/(2*1/8)?
5
Let h be (-1)/(-3)*(9 + -3). Let n be h/6 - 55/(-15). Suppose 0*w + 4*m - 29 = -5*w, 0 = 5*w - n*m - 61. What is the units digit of w?
9
Let f(s) = s**3 + 5*s**2 + 4*s - 4. Let g be f(-4). What is the tens digit of (-1 + 1 - -2)/(g/(-66))?
3
Let y(x) = -x**2 - 13*x + 6. Let z be y(-12). Let c be (2*(-2)/z)/((-7)/63). Suppose 5*a + c*l = -0*l + 345, 0 = -2*a - 5*l + 117. What is the tens digit of a?
7
Suppose -5*s = f - 5, 4*f - 3*s = -6*s - 14. Let b be f + 1/(2/(-10)). What is the units digit of ((-74)/(-6))/(b/(-120))?
8
What is the thousands digit of 10 + (-132)/14 + 2 + 1057034/14?
5
Let h(q) = -q**3 + 3*q**2 - 42*q + 57. Let n be h(-18). Suppose -15903 - n = -24*b. What is the tens digit of b?
8
Suppose 0 = -2*j + 1717 + 899. Suppose 9*n - 2031 = j. What is the units digit of n?
1
What is the units digit of (-548334)/(-21) + 768/112 + -6?
2
Let u(k) = 2*k**3 - 43*k**2 - 199*k + 51. Let l(n) = -n**3 + 22*n**2 + 100*n - 26. Let p(h) = -11*l(h) - 6*u(h). What is the tens digit of p(20)?
6
Let w be ((-2)/(-4))/(1/88). Suppose 4*q = 81 + 27. Suppose -w = -n - q. What is the units digit of n?
7
Let o(p) = -57*p + 8. Let w(s) be the second derivative of -s**3/6 + s**2/2 - 2*s. Let n(h) = -o(h) + 5*w(h). What is the tens digit of n(1)?
4
Suppose c + 4 = a, -3*c + 1 = -4*a + 16. Suppose 49 = 2*v - 5*l - 78, 0 = -a*v + 4*l + 173. What is the tens digit of v?
5
Suppose -37342 = -i - 5*l, -2*l + 6*l = -4*i + 149224. What is the thousands digit of i?
7
Let z(l) = -85*l. Let p(i) = 86*i + 1. Let r(q) = 4*p(q) + 5*z(q). Let u(f) = -f - 1. Let h(o) = r(o) - 3*u(o). What is the hundreds digit of h(-2)?
1
Suppose -z + 9627 = 2*w, -18*z + 23*z + 19233 = 4*w. What is the units digit of w?
2
Let c(i) be the first derivative of -5*i**4/12 - 29*i**3/3 - 29*i**2/2 + 27. Let o(w) be the second derivative of c(w). What is the hundreds digit of o(-16)?
1
Let p = 9607 + 1021. What is the hundreds digit of p?
6
What is the thousands digit of 2/(26/111265) - (-4)/26?
8
Let z = 72 + -69. Suppose 0 = -z*t - 25 + 586. What is the hundreds digit of t?
1
Suppose 38*l = 60*l + 72*l - 2754388. What is the tens digit of l?
0
Let n 